 is divided by 1928.
575
What is the remainder when 3522632 is divided by 290?
2
Calculate the remainder when 34761379 is divided by 4956.
4951
What is the remainder when 261996 is divided by 7029?
1923
Calculate the remainder when 1323414 is divided by 661535.
344
Calculate the remainder when 6821859 is divided by 177.
102
What is the remainder when 3722079 is divided by 802?
799
What is the remainder when 1920752 is divided by 9652?
4
What is the remainder when 41456 is divided by 20087?
1282
Calculate the remainder when 391641 is divided by 346.
315
Calculate the remainder when 22858015 is divided by 1523866.
25
Calculate the remainder when 20531071 is divided by 928.
927
What is the remainder when 1189801 is divided by 6722?
7
Calculate the remainder when 16585782 is divided by 3084.
30
What is the remainder when 1101278 is divided by 21176?
126
What is the remainder when 523998 is divided by 174301?
1095
What is the remainder when 4140684 is divided by 1035162?
36
What is the remainder when 162951 is divided by 3472?
3239
Calculate the remainder when 2339412 is divided by 38990.
12
Calculate the remainder when 125393853 is divided by 922.
9
What is the remainder when 31877222 is divided by 355?
352
Calculate the remainder when 32191 is divided by 1270.
441
Calculate the remainder when 170517 is divided by 184.
133
What is the remainder when 46206478 is divided by 158?
10
Calculate the remainder when 80549 is divided by 3661.
7
Calculate the remainder when 1998344 is divided by 350.
194
Calculate the remainder when 68886 is divided by 894.
48
Calculate the remainder when 1151118 is divided by 8343.
8127
Calculate the remainder when 715980 is divided by 98.
90
What is the remainder when 550271 is divided by 651?
176
What is the remainder when 16038347 is divided by 6?
5
Calculate the remainder when 1104672 is divided by 3084.
600
Calculate the remainder when 22851 is divided by 2843.
107
What is the remainder when 401841 is divided by 1778?
13
Calculate the remainder when 30931732 is divided by 90.
82
What is the remainder when 312705 is divided by 169?
55
What is the remainder when 4089611 is divided by 15?
11
Calculate the remainder when 4287949 is divided by 422.
7
What is the remainder when 4430986 is divided by 1476957?
115
What is the remainder when 3014033 is divided by 39658?
25
What is the remainder when 217490 is divided by 219?
23
What is the remainder when 68663388 is divided by 9809055?
3
What is the remainder when 8885780 is divided by 8885774?
6
Calculate the remainder when 12978213 is divided by 3033.
6
What is the remainder when 46451 is divided by 2196?
335
What is the remainder when 39888 is divided by 52?
4
Calculate the remainder when 68206468 is divided by 30.
28
Calculate the remainder when 150067291 is divided by 79.
76
Calculate the remainder when 9607105 is divided by 28.
25
Calculate the remainder when 841059 is divided by 778.
41
Calculate the remainder when 5036632 is divided by 279812.
16
What is the remainder when 2924304 is divided by 11?
9
Calculate the remainder when 143019 is divided by 265.
184
What is the remainder when 434388 is divided by 1134?
66
Calculate the remainder when 1094756 is divided by 8549.
484
What is the remainder when 59601907 is divided by 314?
311
Calculate the remainder when 2515527 is divided by 86742.
9
Calculate the remainder when 1072332 is divided by 357427.
51
What is the remainder when 2457717 is divided by 5413?
215
What is the remainder when 284838 is divided by 4432?
1190
Calculate the remainder when 4058241 is divided by 1352648.
297
What is the remainder when 82509 is divided by 12918?
5001
What is the remainder when 394510806 is divided by 319?
316
What is the remainder when 7371898 is divided by 213?
181
Calculate the remainder when 831913 is divided by 407.
5
What is the remainder when 28932998 is divided by 1205541?
14
Calculate the remainder when 230837 is divided by 95.
82
What is the remainder when 50992767 is divided by 1959?
1956
Calculate the remainder when 14437 is divided by 1827.
1648
Calculate the remainder when 208929 is divided by 20873.
199
What is the remainder when 1917966 is divided by 354?
348
What is the remainder when 142392 is divided by 14238?
12
What is the remainder when 9104 is divided by 499?
122
What is the remainder when 4456018 is divided by 234524?
62
Calculate the remainder when 274248 is divided by 1035.
1008
What is the remainder when 8698496 is divided by 36?
32
What is the remainder when 30785185 is divided by 1924072?
33
What is the remainder when 154134 is divided by 22002?
120
What is the remainder when 193378 is divided by 4791?
1738
What is the remainder when 27787581 is divided by 227767?
7
What is the remainder when 103587 is divided by 2927?
1142
Calculate the remainder when 2704482 is divided by 742.
634
Calculate the remainder when 652399 is divided by 112.
111
Calculate the remainder when 2989293 is divided by 274.
227
What is the remainder when 379817 is divided by 26?
9
Calculate the remainder when 4297914 is divided by 19273.
35
Calculate the remainder when 26103941 is divided by 52.
45
Calculate the remainder when 20917018 is divided by 1901547.
1
Calculate the remainder when 412036 is divided by 682.
108
Calculate the remainder when 230433384 is divided by 94.
92
What is the remainder when 111118320 is divided by 74?
68
Calculate the remainder when 1842127 is divided by 92.
11
What is the remainder when 992442 is divided by 16269?
33
Calculate the remainder when 1841612 is divided by 183897.
2642
Calculate the remainder when 33463846 is divided by 1841.
1830
What is the remainder when 1794902 is divided by 128207?
4
What is the remainder when 733727 is divided by 2329?
92
What is the remainder when 1452259 is divided by 1095?
289
What is the remainder when 252660252 is divided by 154?
152
Calculate the remainder when 2333101 is divided by 64800.
301
What is the remainder when 111334701 is divided by 536?
533
What is the remainder when 4184354 is divided by 119528?
874
Calculate the remainder when 211982 is divided by 57.
56
Calculate the remainder when 9155 is divided by 1803.
140
What is the remainder when 6189972 is divided by 53?
49
Calculate the remainder when 51723598 is divided by 81.
76
What is the remainder when 8160313 is divided by 2035?
1998
What is the remainder when 3703477 is divided by 71?
46
Calculate the remainder when 16819197 is divided by 300.
297
Calculate the remainder when 286821420 is divided by 11585.
11575
Calculate the remainder when 1597879 is divided by 1597861.
18
What is the remainder when 34410 is divided by 5307?
2568
What is the remainder when 572299 is divided by 286118?
63
What is the remainder when 6740281 is divided by 270?
1
What is the remainder when 2781946 is divided by 6337?
3
What is the remainder when 187823 is divided by 4367?
42
What is the remainder when 5398427 is divided by 2699204?
19
What is the remainder when 5730025 is divided by 409?
344
What is the remainder when 4949562 is divided by 618694?
10
What is the remainder when 3494926 is divided by 78?
58
What is the remainder when 49697 is divided by 409?
208
Calculate the remainder when 165985291 is divided by 76.
75
What is the remainder when 3871009 is divided by 20057?
8
What is the remainder when 8960860 is divided by 745?
0
Calculate the remainder when 2917292 is divided by 129.
86
What is the remainder when 294121 is divided by 292826?
1295
Calculate the remainder when 744166 is divided by 148703.
651
What is the remainder when 27054689 is divided by 9018227?
8
Calculate the remainder when 693546 is divided by 194.
190
Calculate the remainder when 7361984 is divided by 2895.
2894
Calculate the remainder when 11607662 is divided by 3869214.
20
What is the remainder when 1600502 is divided by 719?
8
What is the remainder when 142271 is divided by 3471?
3431
Calculate the remainder when 2933415 is divided by 805.
800
Calculate the remainder when 29852 is divided by 186.
92
What is the remainder when 34333 is divided by 34111?
222
What is the remainder when 4458617 is divided by 178342?
67
What is the remainder when 22173299 is divided by 12?
11
Calculate the remainder when 9185439 is divided by 303.
297
Calcu